Suppose 7*v = 6*v - 5. Give p(v).
-8
Suppose -2*l = 2*x + 10, -2*x = 5*l + 1 + 9. Let p(v) = v**2 + 6*v + 2. What is p(x)?
-3
Let f(r) = 7*r**3 - r**2. Suppose -3*v + o + 0*o = -5, o = -5*v + 3. What is f(v)?
6
Let i(m) be the third derivative of m**6/120 + m**5/15 - 7*m**4/24 - 2*m**3/3 + 2*m**2. Let f be (6/(-4))/((-6)/(-20)). Calculate i(f).
6
Let v(a) = 0*a + a + 7 - 6. Let f be v(4). Suppose g - f*g + 3*b = 35, -3*b = -g - 20. Let m(p) = p + 6. Give m(g).
1
Let m(k) = -3 + 4*k - 2*k + 2. Suppose 0 = -3*s + 3*h - 9, -5*s - 24 = -3*h + 7*h. What is m(s)?
-9
Let p(u) = u**3 - u**2 + u + 1. Let o(i) = 2*i**3 - 7*i**2 + 7*i - 4. Let v(d) = -o(d) + p(d). Suppose 17 = -4*j - 5*k + 47, -4*k = -5*j + 17. Determine v(j).
0
Let u(y) = -y + 1. Let d(f) = f + 4. Let i(w) = -d(w) - 2*u(w). What is i(-6)?
-12
Let d(c) = c + 7. Let u = -43 - -37. Give d(u).
1
Let b(t) = t**3 + 3*t**2 + 4*t + 2. Let r = 40 + -43. Determine b(r).
-10
Suppose 2*c + 5 = 7*c. Let p(x) = -3*x**2 - x. Calculate p(c).
-4
Let b be ((-1)/(-5))/(6/15 - -2). Let z(r) be the second derivative of 3/2*r**2 + 1/20*r**5 - b*r**4 + 0 - 2/3*r**3 - 3*r. Determine z(3).
9
Suppose z + 3*l = 17, 4*z + 2*l - 18 = -0*z. Suppose -6*v = 5*o - 2*v - 15, 9 = 3*o - z*v. Let b(h) = -h**2 + h + 3. What is b(o)?
-3
Let i(b) = b + 12. Suppose -2*h + 5*h = 81. Suppose 2*v - 8 = 5*t + 5, 2*v + 3*t + h = 0. Determine i(v).
6
Let r(p) = 3*p - 6. Suppose -6 = -t - 1. Suppose -4*o - 32 = -4*k, -5 = -4*k - 10*o + t*o. What is r(k)?
9
Let l(f) = f**2 + 5*f - 1. Let n(i) = i - 1. Let q(a) = -l(a) + 2*n(a). Let b be (-1*1)/((-3)/(-12)). Give q(b).
-5
Let d(a) be the second derivative of a**3/6 + a**2 + 9*a. What is d(-4)?
-2
Let u(r) = 3*r**2 + 3*r + 1. Let j = 7 - 10. Let f(l) = 2*l**2 + l + 1. Let w(b) = j*u(b) + 5*f(b). Determine w(5).
7
Let z(r) be the first derivative of 14*r**2 + 6. What is z(-1)?
-28
Let m(x) = -3*x - 30. Let j be m(-9). Let i(f) = -5*f - 9. Let u(w) = w + 2. Let o = -2 + -4. Let s(y) = o*i(y) - 26*u(y). Give s(j).
-10
Let v(q) be the third derivative of -q**5/10 + q**4/12 + q**3/6 + 34*q**2. Suppose 0 = -2*i - 0*i - 8. Let n be (-2)/6 + i/6. Determine v(n).
-7
Let c(h) be the second derivative of 5*h**3/6 + 5*h**2 - 3*h - 8. Give c(-7).
-25
Let g(p) be the first derivative of p**2/2 + 3*p + 35. Calculate g(4).
7
Let g(a) = -a**2 + 7*a. Let y be g(7). Let s(k) = 7*k + y*k - 2*k - 4 - 2*k**2. Let q = -51 - -54. Determine s(q).
-7
Let h(k) be the second derivative of k**5/20 - 5*k**4/12 - 5*k**3/6 - 4*k**2 - 2*k. Let s = 17 - 11. Determine h(s).
-2
Let r be (-12)/15*10/2. Let h be -5 + (r + 2 - -3). Let a(g) be the third derivative of -g**5/60 - g**4/6 - g**3/2 + 2*g**2. Calculate a(h).
-3
Let u(w) = 3*w + 1. Suppose -5*j = x - 0*j - 10, -x = j - 6. Suppose 0 = x*d - d + 16. Let g = d - -3. What is u(g)?
-2
Let s(d) = 3*d - 1 + 2 + 5 - 4*d. Let j(i) = -2*i - 10. Let q be j(-8). What is s(q)?
0
Let m(t) = -11*t + 21. Let w(u) = 4*u - 7. Let i(z) = -3*m(z) - 8*w(z). Determine i(0).
-7
Let l be (-5 - -2)*(-4)/(-6). Let g(o) be the first derivative of 1 + 5/2*o**2 + 2*o. Determine g(l).
-8
Let j(d) = -d**3 - 4*d**2 + 4*d. Let v = -35 - -30. Determine j(v).
5
Let h(u) = 2 - u**3 + u**2 - 1 + 0*u**3. Suppose -2*q = -q. Suppose l = -q*l + 1. Give h(l).
1
Let h = -2 - 1. Let n be (0/(1 - -2))/(-2). Let g = h - n. Let u(w) = w**3 + 3*w**2 - 2*w + 1. Calculate u(g).
7
Let s be 15/9*(3 + 0). Let a(d) = d + 0*d + s - 3 - 3. Determine a(-6).
-7
Suppose -4*l + 4 = -2*f, 0*f - 2*f + 23 = 5*l. Let j(i) = i**2 - i + 1. Let n be j(l). Let h(u) = 3 - 4*u - u**2 + u**2 - u**3 + n*u + 4*u**2. Calculate h(5).
-7
Let c be 5*(1 - 0)*-1. Let z(x) be the third derivative of x**5/120 + x**4/24 + 2*x**3/3 + 4*x**2. Let g(w) be the first derivative of z(w). Determine g(c).
-4
Let y(u) = 2*u - 32. Let z be y(20). Let a(g) = -g**2 + 8*g. Give a(z).
0
Let x be (-1)/((-2)/6 + 0). Let j(m) = x - 2*m**2 - 4 + 3 + m**3 - 2*m. Give j(2).
-2
Suppose -14 = 5*n + 1. Let y(a) = 3*a - 3. Determine y(n).
-12
Let z be ((-12)/10)/((-3)/10). Let g(j) = z*j**2 + 0*j**3 + 0*j**2 - j**3 + 0*j**2 - 5. What is g(4)?
-5
Let s(c) = -c**3 - 4*c**2 + 2. Let z = 7 - 7. Let d = -4 - z. Determine s(d).
2
Let m(o) = o**3 + o**2 + 3*o + 3. Suppose 4*l = 0, 0 = 4*d + l - 3 + 11. Calculate m(d).
-7
Let a(j) = j**3 + 2*j**2 + 3*j + 3. Suppose 1 = -3*t + 4. Let n be 7 + (-2 - -1 - t). Let b = n - 7. What is a(b)?
-3
Suppose 0 = -n + 2*j, -2*n = -0*j + 2*j. Let g = 9 + 0. Suppose i - 5 = -2, n = -2*p - 3*i + g. Let l(w) = -w**3 + 2. Determine l(p).
2
Let s(a) = -a**2 - 9*a - 9. Let u = 11 - 18. What is s(u)?
5
Let z(w) = 0*w + 3*w - 4*w - 4 + 3. Give z(4).
-5
Suppose 16 = 3*y - 2*y. Suppose 6*m - y = 2*m. Let z(v) = -m - 3 + 0*v - v + 6. What is z(0)?
-1
Let h be 4 - (1 + -1 + 1). Let f(k) = k - 3. Give f(h).
0
Let u = 37 - 36. Let n(s) = s + 1. Calculate n(u).
2
Let s(p) = 2*p - 1. Suppose 9 = -2*q + 1. Calculate s(q).
-9
Let m be (14 - 9/3)*1. Suppose 2*j = i + m, -5*j + 0 = 4*i + 5. Let l(t) = -t - 2. Determine l(j).
-5
Let l = 18 + -13. Suppose l*n + 4*u - 43 + 15 = 0, 5*u = 10. Let p(w) = 0*w - 5*w + 4 + 4*w. Determine p(n).
0
Let c(p) be the first derivative of -4*p - 2 + 1/2*p**2. Give c(3).
-1
Let k(c) = c - 3 + 6 - 5. What is k(-2)?
-4
Let d(o) be the third derivative of o**6/120 + o**5/60 + o**3 + 2*o**2. Let m be 10*2/4*-1. Let b = 5 + m. Calculate d(b).
6
Let v be 0/(-1) + 42/6. Let f(d) = 2*d - 15. Let q(s) = -s + 7. Let w(a) = 2*f(a) + 5*q(a). What is w(v)?
-2
Let r(f) = f - 1. Suppose 0 = -6*y - 2*y + 40. Calculate r(y).
4
Let a(m) = m + 0 + 2 + 0. Calculate a(-5).
-3
Let a(q) be the second derivative of -q**4/12 - 11*q**3/6 - 5*q**2/2 + q. Let m be a(-10). Let b(h) = 3*h - 1 + 4*h - m*h. Give b(3).
5
Let y(k) = -5*k**2 + k + 1. Suppose -d = -3*s + 2*d - 15, 5*s = -5*d + 25. Suppose f + l = -6, -5*l + s*l - 27 = 2*f. Give y(f).
-5
Let m(b) = b**2 + 10*b - 3. Let g(w) = -w**3 - 8*w**2 + 22*w + 11. Let l be g(-10). Determine m(l).
-12
Let y(g) = 0*g**3 - g**3 + g**2 + 3*g**2 + 5. Suppose -2*c = 5*o - 14, -6*c = o - 4*c + 2. What is y(o)?
5
Let k(d) be the third derivative of d**6/40 - d**3/6 + d**2. Let i be k(1). Suppose -i*z = 2*z + 4. Let o(q) = 2*q**2 + q + 1. Calculate o(z).
2
Suppose -5*i = -3*g + 3 - 0, -4*i = -4*g - 4. Let z(m) be the first derivative of 4*m + 3/2*m**2 + 1/4*m**4 + 10 + 5/3*m**3. Determine z(g).
8
Let z(o) = o + 13. Let x(t) = -4*t - 39. Let w(d) = 2*x(d) + 7*z(d). Calculate w(0).
13
Suppose -5*q = r + 13 - 35, -2*q + 18 = 5*r. Let x be 0 + r/(-4)*-4. Let i(w) = -1 + 6*w**x - 17*w + 17*w. What is i(-1)?
5
Let x(i) = -i**3 - 16*i**2 - i - 21. Let n be x(-16). Let f(t) = t - 6. Determine f(n).
-11
Let b = 12 - 7. Suppose -5*k = 4*s - 45, -b*k + 15 = -5*s + 3*s. Let g(y) = y**2. Let m(a) = a**2 + 4*a + 1. Let n(r) = 2*g(r) - m(r). What is n(k)?
4
Let y(p) be the second derivative of -p**4/12 + 2*p**3/3 - 15*p. Calculate y(4).
0
Let x = -2 - 1. Let m(r) be the second derivative of -r**7/1260 - r**6/180 - r**5/120 - r**4/12 + 2*r. Let j(c) be the third derivative of m(c). What is j(x)?
-7
Suppose 2*g - 30 = -4*g. Let z(f) = -f**2 + 5*f + 6. What is z(g)?
6
Let c(w) = -w**2 - w - 3. Let f(o) = 2*o**2 + 2*o + 7. Let m(v) = 5*c(v) + 3*f(v). Determine m(0).
6
Let a(w) be the first derivative of -w**4/4 - 4*w**3/3 + 5*w**2/2 + 6*w - 2. Give a(-5).
6
Let v(c) = -c**2 + 8*c - 2. Suppose p - 10 = 2*p. Let b = 17 + p. What is v(b)?
5
Let o(k) = -4*k**3 - 8*k**2 - 7*k + 2. Let t(m) = -9*m**3 - 17*m**2 - 15*m + 4. Let l(j) = -13*o(j) + 6*t(j). Suppose 0*f - 10 = -5*f. Calculate l(f).
-8
Let o(n) = n + 2. Let i(x) = 6*x**2 - 3*x + 3. Let v be i(1). Give o(v).
8
Let y(w) = -2*w - 5. Let h be (-2 - 2*-1) + -8. Let t be (-1)/4 + (-130)/h. Suppose 4 = -5*l - t. Calculate y(l).
3
Let o(u) be the second derivative of -u**4/12 - u**3/2 + 2*u**2 + 10*u. Calculate o(-5).
-6
Let y(t) = t + 6. Let f be y(6). Suppose 3*h + 12 = 0, -h - h = 4*q + f. Let v(c) be the first derivative of -2*c**4 - 2*c**3/3 + c + 2. Give v(q).
7
Let k(t) = t**3 + 3*t**2 + t + 2. Let h = -8 - -14. Let q be 1 + -3 - (h - 5). What is k(q)?
-1
Let d be 2 - 2 - 1 - 0. Let h(q) = -14*q**2 + 1 - 5*q**3 + 13*q**2 + 7*q**3. Give h(d).
-2
Let n(i) = i**3 - 3*i**2 - 3*i. Let